Return to Home Page

NOAA-style Climate Reports

2017: Jan | Feb | Mar | Apr | May | Jun | Jul | Aug | Sep | Oct | Nov | Dec 
2016: Jan | Feb | Mar | Apr | May | Jun | Jul | Aug | Sep | Oct | Nov | Dec 
2015: Jan | Feb | Mar | Apr | May | Jun | Jul | Aug | Sep | Oct | Nov | Dec 
2014: Jan | Feb | Mar | Apr | May | Jun | Jul | Aug | Sep | Oct | Nov | Dec 
2013: Jan | Feb | Mar | Apr | May | Jun | Jul | Aug | Sep | Oct | Nov | Dec 
2012: Jan | Feb | Mar | Apr | May | Jun | Jul | Aug | Sep | Oct | Nov | Dec 
2011: Jan | Feb | Mar | Apr | May | Jun | Jul | Aug | Sep | Oct | Nov | Dec 
2010: Jan | Feb | Mar | Apr | May | Jun | Jul | Aug | Sep | Oct | Nov | Dec 
2009: Jan | Feb | Mar | Apr | May | Jun | Jul | Aug | Sep | Oct | Nov | Dec 
2008: Jan | Feb | Mar | Apr | May | Jun | Jul | Aug | Sep | Oct | Nov | Dec 
2007: Jan | Feb | Mar | Apr | May | Jun | Jul | Aug | Sep | Oct | Nov | Dec 
2006: Jan | Feb | Mar | Apr | May | Jun | Jul | Aug | Sep | Oct | Nov | Dec 
2005: Jan | Feb | Mar | Apr | May | Jun | Jul | Aug | Sep | Oct | Nov | Dec 

Report for 2017 04
MONTHLY CLIMATOLOGICAL SUMMARY FOR 4/2017 HEAT COOL MEAN DEG DEG WIND SPEED DOM MEAN MEAN DAY TEMP HIGH TIME LOW TIME DAYS DAYS RAIN AVG HI TIME DIR BAROM HUM --------------------------------------------------------------------------------------- 1 44.7 87.4 1:31pm 0.0 12:00am 27 7 0.00 1 10 12:06pm SSE 29.48 30 2 65.8 74.1 2:12pm 56.8 5:36am 2 3 0.24 2 12 2:00pm S 29.36 80 3 66.5 80.8 4:04pm 57.9 11:55pm 2 4 1.50 2 13 2:05pm SSW 29.21 71 4 69.8 89.4 2:55pm 53.6 6:16am 3 8 0.00 1 11 1:27pm SW 29.29 56 5 68.8 83.5 11:58am 50.2 11:52pm 2 6 0.00 3 15 11:15am SSW 29.34 53 6 55.8 68.2 3:24pm 45.5 11:58pm 9 0 0.00 2 17 11:59am N 29.57 47 7 55.7 74.3 2:15pm 41.5 6:35am 10 1 0.00 1 11 12:47pm N 29.63 49 8 59.9 81.0 3:16pm 41.2 6:43am 9 4 0.00 1 9 12:23pm SSW 29.58 49 9 10 11 12 13 14 15 16 17 18 19 20 21 73.5 82.2 5:06pm 69.4 10:50pm 0 2 0.00 0 6 6:58pm SSW 29.40 37 22 69.7 83.8 12:13pm 59.5 11:13pm 1 6 0.43 1 15 6:13pm N 29.41 56 23 56.7 63.1 4:25pm 50.9 11:53pm 8 0 0.00 2 12 11:19am N 29.42 55 24 60.9 78.1 3:09pm 46.6 3:59am 7 3 0.00 1 12 10:27am N 29.33 51 25 66.1 85.5 3:33pm 47.5 6:40am 5 6 0.00 1 10 10:53am SSW 29.23 46 26 71.7 87.1 2:26pm 61.0 3:22am 1 8 0.28 2 15 11:56am SSW 29.15 48 27 63.6 78.4 4:15pm 55.6 7:02am 4 2 0.00 1 8 1:48am N 29.29 50 28 76.6 91.2 3:22pm 61.5 1:01am 0 12 0.00 2 12 1:29pm SW 29.32 48 29 79.5 88.5 12:54pm 74.1 4:05am 0 15 0.00 4 18 1:33am SSW 29.37 40 30 76.8 77.0 12:00am 76.5 12:37am 0 0 0.00 3 16 12:00am SW 29.30 40 --------------------------------------------------------------------------------------- TOT 64.7 91.2 4/28/17 0.0 4/1/17 92 86 2.44 2 18 4/29/17 SSW 29.38 51 HEAT BASE: 65.0 COOL BASE: 65.0