Return to Home Page

NOAA-style Climate Reports

2017: Jan | Feb | Mar | Apr | May | Jun | Jul | Aug | Sep | Oct | Nov | Dec 
2016: Jan | Feb | Mar | Apr | May | Jun | Jul | Aug | Sep | Oct | Nov | Dec 
2015: Jan | Feb | Mar | Apr | May | Jun | Jul | Aug | Sep | Oct | Nov | Dec 
2014: Jan | Feb | Mar | Apr | May | Jun | Jul | Aug | Sep | Oct | Nov | Dec 
2013: Jan | Feb | Mar | Apr | May | Jun | Jul | Aug | Sep | Oct | Nov | Dec 
2012: Jan | Feb | Mar | Apr | May | Jun | Jul | Aug | Sep | Oct | Nov | Dec 
2011: Jan | Feb | Mar | Apr | May | Jun | Jul | Aug | Sep | Oct | Nov | Dec 
2010: Jan | Feb | Mar | Apr | May | Jun | Jul | Aug | Sep | Oct | Nov | Dec 
2009: Jan | Feb | Mar | Apr | May | Jun | Jul | Aug | Sep | Oct | Nov | Dec 
2008: Jan | Feb | Mar | Apr | May | Jun | Jul | Aug | Sep | Oct | Nov | Dec 
2007: Jan | Feb | Mar | Apr | May | Jun | Jul | Aug | Sep | Oct | Nov | Dec 
2006: Jan | Feb | Mar | Apr | May | Jun | Jul | Aug | Sep | Oct | Nov | Dec 
2005: Jan | Feb | Mar | Apr | May | Jun | Jul | Aug | Sep | Oct | Nov | Dec 

Report for 2017 06
MONTHLY CLIMATOLOGICAL SUMMARY FOR 6/2017 HEAT COOL MEAN DEG DEG WIND SPEED DOM MEAN MEAN DAY TEMP HIGH TIME LOW TIME DAYS DAYS RAIN AVG HI TIME DIR BAROM HUM --------------------------------------------------------------------------------------- 1 73.5 85.8 3:12pm 68.7 1:22am 0 9 0.16 0 8 7:53pm SE 29.57 70 2 75.4 90.5 3:17pm 68.4 3:40am 0 10 0.08 0 7 12:49pm E 29.52 64 3 72.4 75.6 5:44pm 69.1 12:11am 0 7 1.18 0 6 5:26pm SE 29.47 82 4 76.2 88.7 12:37pm 70.2 11:16pm 0 11 0.20 1 9 10:29am S 29.42 69 5 74.8 89.6 1:09pm 69.6 4:02am 0 10 0.20 0 11 6:03pm NE 29.32 74 6 72.1 80.1 2:59pm 69.3 7:16am 0 7 3.03 0 14 2:27pm N 29.27 83 7 73.2 84.4 1:16pm 64.2 10:21pm 0 8 0.04 2 14 3:17pm N 29.38 59 8 70.9 84.6 3:11pm 58.1 5:34am 2 8 0.00 1 9 4:15pm N 29.45 54 9 72.8 88.9 4:11pm 59.0 6:06am 1 9 0.00 0 6 12:56pm ENE 29.46 59 10 75.8 93.2 2:38pm 61.7 5:34am 1 11 0.00 0 8 3:06pm SSE 29.51 55 11 75.8 92.1 2:42pm 64.6 4:50am 0 11 0.00 1 9 1:32pm SE 29.57 63 12 77.6 94.5 12:56pm 71.1 6:01pm 0 13 0.39 0 8 3:06pm SSW 29.58 71 13 75.8 92.5 1:56pm 70.3 11:43pm 0 11 0.43 0 6 9:42am ESE 29.56 76 14 79.9 94.6 2:18pm 69.6 12:40am 0 15 0.00 0 5 8:59am WSW 29.57 65 15 81.0 94.8 1:07pm 72.5 2:12am 0 16 0.00 0 6 9:54am S 29.56 63 16 82.1 96.1 2:12pm 69.4 11:18pm 0 17 0.00 1 14 9:28pm SSW 29.46 54 17 79.0 92.7 2:51pm 68.9 1:51am 0 14 0.00 0 8 11:56am SSW 29.38 51 18 80.8 96.8 1:24pm 72.5 10:15pm 0 16 0.00 1 7 9:29am SSW 29.44 60 19 76.0 93.0 3:40pm 69.6 4:47am 0 11 0.47 0 8 4:26pm N 29.52 73 20 75.0 82.0 2:46pm 70.3 11:26pm 0 10 0.00 1 9 5:39pm ENE 29.51 70 21 73.3 77.9 4:38pm 69.8 4:31am 0 8 0.35 2 14 1:18pm ENE 29.36 79 22 78.2 88.9 2:15pm 74.3 7:25pm 0 13 0.63 2 15 2:21pm SSW 29.31 73 23 75.3 75.6 12:45am 75.2 12:00am 0 0 0.00 4 7 12:19am SSW 29.38 84 --------------------------------------------------------------------------------------- TOT 76.0 96.8 6/18/17 58.1 6/8/17 4 246 7.17 1 15 6/22/17 N 29.46 67 HEAT BASE: 65.0 COOL BASE: 65.0